at is the units digit of z(y)?
1
Let z be ((-1)/(-2))/(3/42). What is the tens digit of (-4)/(4/(-15)) - (-14)/z?
1
Suppose -3*u + 3 = 2*f, -3 = u + 2*u. Suppose 3*r + 6 = f, -2*r = -4*w + 298. What is the tens digit of w?
7
Suppose -2*l + 2*z = 2, -l - 2*z = -4 - 1. Let b = 1 - l. Suppose v - d - d = 16, -2*v - 2*d + 2 = b. What is the units digit of v?
6
Let f(j) = 3*j**2 - 75*j + 28. What is the units digit of f(25)?
8
Let q(n) = -n**2 + 8. Suppose p + 2*p = 0. Let j be q(p). Suppose -j = -3*g + 13. What is the units digit of g?
7
Suppose -o + 29 = 5*s, -4*s + 4*o = -3 - 1. What is the units digit of 492/s + (-22)/55?
8
Let s(w) = -w - 5. Let f be s(-15). Suppose g - 6*g = -f. What is the units digit of 5 + -5 + g + 44?
6
What is the tens digit of 5/(-8) - 239934/(-48)?
9
Let l(o) = o**3 - 5*o**2 + o - 3. Let d be l(5). Let w be d - (-2)/(-3)*-3. Suppose w*s - 64 = 2*s. What is the units digit of s?
2
Let j(w) = -w - 12. Let u be j(-10). Let c be (0 - -4)*1/u. What is the units digit of 3/9*(-114)/c?
9
Let c(z) = -z**2 - 5*z - 1. Let t be c(-4). Suppose 4*a + 40 = 4*i, a + 5*i + 19 = t. Let p(u) = -u**3 - 12*u**2 - 13*u - 10. What is the tens digit of p(a)?
1
Let v(n) = 35*n**2 + 186*n - 894. What is the tens digit of v(5)?
1
Let a = 616 + -363. What is the units digit of a?
3
Let b(x) = 3*x + 9. Let w be b(13). Let h be (0 - -1)*0 + w. Suppose q = -8 + h. What is the tens digit of q?
4
Let x(u) = -2*u**3 + u**2 - 2*u + 1. Let l be x(1). Let k(b) = b**3 - 5*b - 5. Let t be k(l). What is the tens digit of (-116)/t - (-12)/(-18)?
3
Let b be (26 + -18)/(-1 - -3). Suppose b - 62 = -y. What is the units digit of y?
8
Let a(v) = 3*v**2 + 4*v + 2. Let j be a(-2). What is the units digit of 3 + -3*(-148)/j?
7
What is the tens digit of (58 + 1883)*(-2)/(-6)?
4
Suppose y + 3 = -4*g, 0*g - 2*g - 3*y = -11. What is the units digit of -2 - -7 - (g + 4) - -254?
7
Let n be (-570)/(-5)*(-8)/(-3). Suppose 2*k + 2*k = n. What is the units digit of k?
6
Let f be (-8)/32 - 1/(-4). Let o(q) be the second derivative of -q**3/3 + 47*q**2/2 + 2*q. What is the units digit of o(f)?
7
Let t be (-2)/4*4 + 55. Let z = t + -29. What is the tens digit of z?
2
Suppose 0 = -13*z + 18*z + 30. What is the units digit of (-666)/z - (1 + 2)?
8
Let n be (-2)/((-2)/3) - -3. Let j be ((-18)/n)/(-2 - -1). Suppose 3*a = j*l + 48, 7*l = 3*l. What is the tens digit of a?
1
Suppose r + 3 - 7 = 0. Suppose -3*k = -6, -3*y + r*k + 170 = 8*k. Let m = y - 24. What is the tens digit of m?
3
Let o(d) be the third derivative of -d**6/120 - d**5/12 - d**4/6 + d**3/2 - 2*d**2. Let r(c) = 3*c. Let g be r(-2). What is the units digit of o(g)?
3
Let l = -4 + 12. Let t(z) be the second derivative of z**5/20 - 3*z**4/4 + 13*z**3/6 - 4*z**2 + 2*z. What is the tens digit of t(l)?
3
Let h = 34 + -43. Let q(y) = -y**3 - 9*y**2 - 8*y - 5. What is the tens digit of q(h)?
6
Suppose 0 = 6*m - 4*m - 698. Suppose -8*j + m = -323. What is the units digit of j?
4
Suppose -3*m - 15 = -d, 2*d - 5 = 4*m + 19. Let x(o) = o**2 + 11 + 0*o + 4*o - d*o + 7*o. What is the tens digit of x(-9)?
4
Suppose 0 = o - 1, 3*a + 5*o - 110 = 303. Suppose 3*v - 5*v + a = 0. What is the units digit of v?
8
Suppose 17*z = -24*z + 44321. What is the tens digit of z?
8
Let q(s) = s**3 - 8*s**2 + s. Let i be q(8). Let v(w) = -w + 6. Let u be v(i). What is the units digit of u/(-5)*(-3 + 18)?
6
Let y be (9 - 0)*(-2 + 0). Let m = 19 + y. Suppose w = -4*o + 5 - m, 0 = -4*o - 2*w. What is the units digit of o?
2
Let m = 11 - -13. Let s = 56 - m. What is the units digit of s?
2
Let l(x) = -186*x**2 + 2*x - 2. Let r be l(1). Let c be 16/(-24)*r/(-4). Let j = c + 55. What is the units digit of j?
4
What is the tens digit of (6 - (148 + 6))/(2/(-7))?
1
Suppose -37*p + 127296 + 31878 = 0. What is the units digit of p?
2
Let t(u) = u**3 - 9*u**2 + 8*u - 3. What is the hundreds digit of t(11)?
3
Let x(z) be the first derivative of -z**4/4 - 16*z**3/3 - 6*z**2 - 25*z - 41. What is the hundreds digit of x(-16)?
1
Let a = -821 - -1512. What is the units digit of a?
1
Let r(z) = -1 + z + 3 + 0. Let m be r(3). Suppose -5*c + 2*c = m*p - 55, 5*c + 11 = p. What is the units digit of p?
1
What is the thousands digit of (10 - (-28428)/28) + (-4)/14?
1
Suppose 6*t - 53 - 7 = 0. What is the tens digit of t?
1
What is the hundreds digit of (3/(-1) + (-808)/(-32))*16?
3
Let f = 2017 + -1338. What is the units digit of f?
9
Let x(t) = 2*t**2 + 10*t + 2. Let q(j) = -j**2 + j + 1. Let b(f) = -3*q(f) + x(f). What is the units digit of b(-5)?
9
Suppose 0 = -149*v + 146*v - 4*s + 5914, 0 = -2*s - 4. What is the hundreds digit of v?
9
Let y = -1064 + 1240. What is the hundreds digit of y?
1
Let p(k) = -k**2 - 6*k - 3. Let g be p(-5). Suppose -2*r = g*r + 24. What is the units digit of (7/3)/((-2)/r)?
7
Suppose 10*j = 12*j - 142. Let k = -37 - -4. Let y = k + j. What is the tens digit of y?
3
What is the hundreds digit of (-128)/224 - (-5244)/14?
3
Let y(o) be the first derivative of o**4/4 + 7*o**3/3 - 2*o**2 - 7*o - 4. Let v be y(-5). Suppose 5 = 2*x - v. What is the tens digit of x?
3
Let j be 1 + 3 - 1/(4/8). What is the units digit of (8 - j)/((-2)/(-24))?
2
Let t(s) = -s + 18. Let c(k) = k - 19. Let a(u) = -4*c(u) - 3*t(u). What is the tens digit of a(11)?
1
Let u(f) = -23*f + 1 - 10*f - 6 - 26. What is the tens digit of u(-6)?
6
Let n = -42 - -84. Suppose 2*u - n = 160. What is the tens digit of u?
0
Let q be (-5)/(-2)*(-8)/(-5). Suppose 4*g = 3*y + 61, g - 1 = 2*g - q*y. What is the tens digit of g?
1
Suppose 3*v = 3*a - 583 + 2644, -2073 = -3*v - 3*a. What is the hundreds digit of v?
6
Let a(l) = 5*l**3 + l**2 + l - 1. Let w be a(1). Suppose 194 = 2*r - 5*h, -h + 539 = -r + w*r. What is the hundreds digit of r?
1
Let d = 19 + -16. Let w be -2 + (-8)/(-12)*d. Suppose 5*f - 133 - 22 = w. What is the tens digit of f?
3
Suppose 244 = 2*f - 446. What is the hundreds digit of f?
3
What is the tens digit of 11288/26 + 46/(-299)?
3
Let l be ((-2)/5)/(12/(-60)). Suppose -5*y + l*q + 1630 = 0, 7*q = 4*y + 6*q - 1307. What is the units digit of (y/16)/(2/4)?
1
Let n be (-40)/15*(-420)/16. Suppose -73 = -11*s + n. What is the tens digit of s?
1
Suppose 5*i + 40 = -50. Let a = i - -15. What is the units digit of 0*a/(-9) + 1?
1
Let j(q) = -4*q - 4. Let f be j(-5). Let x(b) = 3*b**2 - 7*b + 6. Let n be x(4). Let o = n - f. What is the units digit of o?
0
Let w be 2/3 - 16/(-3). Suppose -w = 4*x + 2, h - 4*x - 109 = 0. What is the tens digit of h?
0
What is the units digit of (-3201)/11*(-2)/6?
7
Suppose -3*p = 3*m - 0*p + 12, -5*p = m - 4. What is the tens digit of ((-69)/6 + 4)*m?
4
Let a = -2635 + 7030. What is the tens digit of a?
9
Let q(o) = 97*o - 14. Let h be ((-11)/5 + 1)*35/(-14). What is the units digit of q(h)?
7
Let w(d) = d**3 - 4*d**2 - d - 5. Suppose -5*y + 15 = -2*s + 4*s, -4*s - 4*y = -24. What is the tens digit of w(s)?
1
Suppose -4*w + 0*w + 508 = -4*g, 3*g + 381 = -w. Let s = g + 236. What is the hundreds digit of s?
1
Let w be 0 + ((-7)/(-42))/(1/6). Let s(g) = 82*g + 4. What is the tens digit of s(w)?
8
Suppose 0 = 394*n - 391*n - 2244. What is the hundreds digit of n?
7
Let l(d) = -3*d - 12. Let a be l(-7). What is the units digit of 41/a*13 + 14/(-63)?
9
Suppose 6*m = 3*m + 279. Let z = m - 58. Let o = 1 + z. What is the units digit of o?
6
Suppose -2*i = -2*k - i + 5, 5*i - 1 = -3*k. Suppose 0 = -5*o - 4*x + 346, 0*o + 140 = k*o + 2*x. What is the tens digit of o?
6
Let r(b) = -b**3 - b**2 + 5*b - 3. Let s be r(3). Let m = -27 + 76. Let q = s + m. What is the tens digit of q?
2
Suppose -6*h + 5*h - w = -1313, 0 = -h + 2*w + 1301. What is the tens digit of h?
0
Suppose -655 = -6*b + 3*b + j, -5*j + 1085 = 5*b. Suppose 778 - b = 8*r. What is the tens digit of r?
7
Suppose -2*m + 6*t - 3*t + 22 = 0, -80 = -4*m - 3*t. What is the tens digit of m?
1
Let h(g) = -g**3 - 3*g**2 - 1. Let r be 0 - 2 - (0 - -1). Let m be h(r). What is the units digit of (68/6)/(m/(-3))?
4
Suppose 0*f - 2 = -d + 4*f, -4*f = -3*d - 2. Let y = d - -4. Suppose -45 = -3*i - y*i. What is the units digit of i?
9
Let n(g) = -g**3 + 19*g**2 - 9*g + 7. What is the tens digit of n(8)?
3
Suppose 2*r - r - 2*f = 8, -4*r + 22 = -3*f. What is the units digit of r?
4
Suppose 2*v = 815 +